{"id":1649,"date":"2020-07-28T14:58:12","date_gmt":"2020-07-28T12:58:12","guid":{"rendered":"http:\/\/www.legalprofession.de\/?page_id=1649"},"modified":"2020-08-10T00:14:36","modified_gmt":"2020-08-09T22:14:36","slug":"rechtsanwaltsfachangestellte","status":"publish","type":"page","link":"https:\/\/www.legalprofession.de\/index.php\/juristische-berufe-legal-profession\/assistenzberufe\/rechtsanwaltsfachangestellte","title":{"rendered":"Rechtsanwaltsfachangestellte"},"content":{"rendered":"<p style=\"text-align: justify;\">Die Rechtsanwaltsfachangestellte ist die Fachangestellte des Rechtsanwalts und das &#8222;Re&#8220; der <a href=\"https:\/\/www.brak.de\/w\/files\/02_fuer_anwaelte\/reno\/renopat-ausbvo.pdf\">Berufsausbildung der ReNoPat<\/a>. Der Rechtsanwalt vertritt seine Mandanten, daf\u00fcr geht er auch zu Gericht. Damit das Organ der Rechtspflege dort auch p\u00fcnktlich erscheint, notiert die Rechtsanwaltsfachangestellte anstehende Gerichtstermine und f\u00e4llige Fristen. Sie bereitet die Akten vor, schreibt, korrigiert, kopiert, druckt und faxt. Obwohl die Rechtsanwaltsfachangestellte vorwiegend weisungsgebunden arbeitet, macht sie oft mehr als ihr Anwalt vermutet &#8211; und sie kann weit mehr, als er ahnt.<\/p>\n<p><img data-recalc-dims=\"1\" fetchpriority=\"high\" decoding=\"async\" data-attachment-id=\"5836\" data-permalink=\"https:\/\/www.legalprofession.de\/?attachment_id=5836\" data-orig-file=\"https:\/\/i0.wp.com\/www.legalprofession.de\/wp-content\/uploads\/Fotolia_39735978_S.jpg?fit=657%2C730&amp;ssl=1\" data-orig-size=\"657,730\" data-comments-opened=\"0\" data-image-meta=\"{&quot;aperture&quot;:&quot;0&quot;,&quot;credit&quot;:&quot;olly - Fotolia&quot;,&quot;camera&quot;:&quot;&quot;,&quot;caption&quot;:&quot;&quot;,&quot;created_timestamp&quot;:&quot;1331650069&quot;,&quot;copyright&quot;:&quot;olly - Fotolia&quot;,&quot;focal_length&quot;:&quot;0&quot;,&quot;iso&quot;:&quot;0&quot;,&quot;shutter_speed&quot;:&quot;0&quot;,&quot;title&quot;:&quot;Boring work&quot;,&quot;orientation&quot;:&quot;1&quot;}\" data-image-title=\"Rechtsanwaltsfachangestellte\" data-image-description=\"&lt;p&gt;Ausbildung Rechtsanwaltsfachangestellte&lt;\/p&gt;\n\" data-image-caption=\"\" data-large-file=\"https:\/\/i0.wp.com\/www.legalprofession.de\/wp-content\/uploads\/Fotolia_39735978_S.jpg?fit=657%2C730&amp;ssl=1\" class=\"alignnone wp-image-5836 size-medium\" src=\"https:\/\/i0.wp.com\/www.legalprofession.de\/wp-content\/uploads\/Fotolia_39735978_S.jpg?resize=270%2C300&#038;ssl=1\" alt=\"Rechtsanwaltsfachangestellte\" width=\"270\" height=\"300\" srcset=\"https:\/\/i0.wp.com\/www.legalprofession.de\/wp-content\/uploads\/Fotolia_39735978_S.jpg?resize=270%2C300&amp;ssl=1 270w, https:\/\/i0.wp.com\/www.legalprofession.de\/wp-content\/uploads\/Fotolia_39735978_S.jpg?w=657&amp;ssl=1 657w\" sizes=\"(max-width: 270px) 100vw, 270px\" \/><\/p>\n<h6 style=\"text-align: justify;\"><span style=\"color: #dd2150;\">Falls Sie auch f\u00fcnf vor zw\u00f6lf noch gelassen bleiben, freuen wir uns \u00fcber Ihre \u21d2 <a style=\"color: #dd2150;\" href=\"https:\/\/www.legalprofession.de\/index.php\/job\/1301-01-rechtsanwaltsfachangestellte-bundesweit\">Initiativbewerbung<\/a><\/span><\/h6>\n<p style=\"text-align: justify;\">Sie f\u00fchrt die Korrespondenz mit Mandanten, Gerichten, Beh\u00f6rden und \u00c4mtern. Sie notiert, was der Anwalt diktiert. Sie schreibt Phonodiktat mit H\u00e4nden und F\u00fc\u00dfen und tippt blind Vertragswerke ab. Er stapelt die Arbeit auf ihrem Schreibtisch und erwartet, dass sie alles um ihn herum organisiert. Wenn ihr trotz ihrer sorgf\u00e4ltigen Arbeitsweise ein Fehler unterlaufen ist, dann redet er mit ihr. Ansonsten verl\u00e4sst er sich auf ihre \u00fcbersinnlichen F\u00e4higkeiten. Gedankenlesen, Hellsehen und Hexen sind zwar keine Ausbildungsf\u00e4cher, aber die ReFa beherrscht sie nach einigen Jahren der Anwaltsassistenz nahezu perfekt.<\/p>\n<p style=\"text-align: justify;\">Die ReFa kann Fristen und Priorit\u00e4ten setzen. Neben den Fristen haben die Anwaltsgeb\u00fchren oberste Priorit\u00e4t, denn der Freiberufler lebt von seinen Honoraren. Seine Assistentin kennt die Geb\u00fchrenordnung, notiert Stundens\u00e4tze, berechnet Honorare, stellt Rechnungen, \u00fcberpr\u00fcft Zahlungseing\u00e4nge. Sie kann auch Mahnbescheide ausstellen, das ist Ausbildungsgegenstand so wie das Vollstreckungswesen. Alles, was die ReFa nicht w\u00e4hrend ihrer Ausbildung gelernt hat, erledigt sie auch. Dazu z\u00e4hlen die englischsprachige Korrespondenz, die Bedienung moderner Kommunikationstechnik und die Anwendung entsprechender Kanzleisoftware.<\/p>\n<h5 style=\"text-align: justify;\"><span style=\"color: #dd2150;\">Pers\u00f6nliche Assistenz und Sekretariatsf\u00fchrung<\/span><\/h5>\n<p style=\"text-align: justify;\">Zwischendurch f\u00fchrt sie Telefonate, vereinbart Termine, bucht Reisen, druckt hunderte E-Mails aus, f\u00fchrt die Aktenablage und sorgt sich um eine strukturierte Dateiverwaltung. Nebenher k\u00fcmmert sie sich auch um ihren Anwalt, denn sie seine pers\u00f6nliche Assistentin. Sie ist sehr anpassungsf\u00e4hig und lernt, sich auf seinen Arbeits- und Verhaltensstil einzustellen. Sie ist auch sehr lernf\u00e4hig, denn viele \u00c4nderungen in Gesetzen und Verordnungen betreffen auch ihre Arbeit. So ist sie permanent in der Weiterbildung. Die n\u00e4chste und derzeit h\u00f6chste Ausbildungsstufe ist der Rechtsfachwirt.<\/p>\n<h5 style=\"text-align: justify;\"><span style=\"color: #dd2150;\">Die ReNo zwischen Anwalt und Notar<\/span><\/h5>\n<p style=\"text-align: justify;\">Manchmal ist die ReFa eine ReNo und sie arbeitet f\u00fcr einen Anwaltsnotar. Die \u00fcber Ausbildungsordnung wird derzeit vom Bundesinstitut f\u00fcr Berufsbildung \u00fcberarbeitet und soll 2014 in Kraft treten. Man darf gespannt sein, ob die ReNo dies \u00fcberlebt. Die Rechtsanwaltsfachangestellte ist keine klassische Sekret\u00e4rin, keine B\u00fcrokauffrau und auch keine Gesch\u00e4ftsf\u00fchrungsassistentin, trotzdem ist sie in den Chefetagen sehr begehrt, denn sie kann sich gut auf die Assistenz von Juristen einstellen und hat stets die Termine im Blick. Wenn Sie mit Fristen, Geb\u00fchren und Mahnbescheiden umgehen k\u00f6nnen, dann schauen Sie in den Stellenmarkt. Wir freuen uns \u00fcber jede Initiativbewerbung.<\/p>\n<h6 style=\"text-align: justify;\"><\/h6>\n","protected":false},"excerpt":{"rendered":"<p>Die Rechtsanwaltsfachangestellte ist die Fachangestellte des Rechtsanwalts und das &#8222;Re&#8220; der Berufsausbildung der ReNoPat. Der Rechtsanwalt vertritt seine Mandanten, daf\u00fcr geht er auch zu Gericht. Damit das Organ der Rechtspflege dort auch p\u00fcnktlich erscheint, notiert die Rechtsanwaltsfachangestellte anstehende Gerichtstermine und f\u00e4llige Fristen. Sie bereitet die Akten vor, schreibt, korrigiert, kopiert, druckt und faxt. Obwohl die&hellip; <a href=\"https:\/\/www.legalprofession.de\/index.php\/juristische-berufe-legal-profession\/assistenzberufe\/rechtsanwaltsfachangestellte\">Continue reading&#8230;<\/a><\/p>\n","protected":false},"author":2,"featured_media":0,"parent":1697,"menu_order":1,"comment_status":"closed","ping_status":"open","template":"templates\/page-full-width-widgets.php","meta":{"jetpack_post_was_ever_published":false,"footnotes":""},"class_list":["post-1649","page","type-page","status-publish","hentry"],"yoast_head":"<!-- This site is optimized with the Yoast SEO plugin v27.3 - https:\/\/yoast.com\/product\/yoast-seo-wordpress\/ -->\n<title>Rechtsanwaltsfachangestellte - LegalProfession\u00ae<\/title>\n<meta name=\"description\" content=\"Die Rechtsanwaltsfachangestellte ist die Fachangestellte des Rechtsanwalts und als ReFa das &quot;Re&quot; der Ausbildung der ReNoPat-Berufe\" \/>\n<meta name=\"robots\" content=\"index, follow, max-snippet:-1, max-image-preview:large, max-video-preview:-1\" \/>\n<link rel=\"canonical\" href=\"https:\/\/www.legalprofession.de\/index.php\/juristische-berufe-legal-profession\/assistenzberufe\/rechtsanwaltsfachangestellte\" \/>\n<meta property=\"og:locale\" content=\"de_DE\" \/>\n<meta property=\"og:type\" content=\"article\" \/>\n<meta property=\"og:title\" content=\"Rechtsanwaltsfachangestellte - LegalProfession\u00ae\" \/>\n<meta property=\"og:description\" content=\"Die Rechtsanwaltsfachangestellte ist die Fachangestellte des Rechtsanwalts und als ReFa das &quot;Re&quot; der Ausbildung der ReNoPat-Berufe\" \/>\n<meta property=\"og:url\" content=\"https:\/\/www.legalprofession.de\/index.php\/juristische-berufe-legal-profession\/assistenzberufe\/rechtsanwaltsfachangestellte\" \/>\n<meta property=\"og:site_name\" content=\"LegalProfession\u00ae\" \/>\n<meta property=\"article:modified_time\" content=\"2020-08-09T22:14:36+00:00\" \/>\n<meta property=\"og:image\" content=\"https:\/\/www.legalprofession.de\/wp-content\/uploads\/Fotolia_39735978_S-270x300.jpg\" \/>\n<meta name=\"twitter:card\" content=\"summary_large_image\" \/>\n<meta name=\"twitter:label1\" content=\"Gesch\u00e4tzte Lesezeit\" \/>\n\t<meta name=\"twitter:data1\" content=\"2\u00a0Minuten\" \/>\n<script type=\"application\/ld+json\" class=\"yoast-schema-graph\">{\"@context\":\"https:\\\/\\\/schema.org\",\"@graph\":[{\"@type\":\"WebPage\",\"@id\":\"https:\\\/\\\/www.legalprofession.de\\\/index.php\\\/juristische-berufe-legal-profession\\\/assistenzberufe\\\/rechtsanwaltsfachangestellte\",\"url\":\"https:\\\/\\\/www.legalprofession.de\\\/index.php\\\/juristische-berufe-legal-profession\\\/assistenzberufe\\\/rechtsanwaltsfachangestellte\",\"name\":\"Rechtsanwaltsfachangestellte - LegalProfession\u00ae\",\"isPartOf\":{\"@id\":\"https:\\\/\\\/www.legalprofession.de\\\/#website\"},\"primaryImageOfPage\":{\"@id\":\"https:\\\/\\\/www.legalprofession.de\\\/index.php\\\/juristische-berufe-legal-profession\\\/assistenzberufe\\\/rechtsanwaltsfachangestellte#primaryimage\"},\"image\":{\"@id\":\"https:\\\/\\\/www.legalprofession.de\\\/index.php\\\/juristische-berufe-legal-profession\\\/assistenzberufe\\\/rechtsanwaltsfachangestellte#primaryimage\"},\"thumbnailUrl\":\"https:\\\/\\\/www.legalprofession.de\\\/wp-content\\\/uploads\\\/Fotolia_39735978_S-270x300.jpg\",\"datePublished\":\"2020-07-28T12:58:12+00:00\",\"dateModified\":\"2020-08-09T22:14:36+00:00\",\"description\":\"Die Rechtsanwaltsfachangestellte ist die Fachangestellte des Rechtsanwalts und als ReFa das \\\"Re\\\" der Ausbildung der ReNoPat-Berufe\",\"breadcrumb\":{\"@id\":\"https:\\\/\\\/www.legalprofession.de\\\/index.php\\\/juristische-berufe-legal-profession\\\/assistenzberufe\\\/rechtsanwaltsfachangestellte#breadcrumb\"},\"inLanguage\":\"de\",\"potentialAction\":[{\"@type\":\"ReadAction\",\"target\":[\"https:\\\/\\\/www.legalprofession.de\\\/index.php\\\/juristische-berufe-legal-profession\\\/assistenzberufe\\\/rechtsanwaltsfachangestellte\"]}]},{\"@type\":\"ImageObject\",\"inLanguage\":\"de\",\"@id\":\"https:\\\/\\\/www.legalprofession.de\\\/index.php\\\/juristische-berufe-legal-profession\\\/assistenzberufe\\\/rechtsanwaltsfachangestellte#primaryimage\",\"url\":\"https:\\\/\\\/i0.wp.com\\\/www.legalprofession.de\\\/wp-content\\\/uploads\\\/Fotolia_39735978_S.jpg?fit=657%2C730&ssl=1\",\"contentUrl\":\"https:\\\/\\\/i0.wp.com\\\/www.legalprofession.de\\\/wp-content\\\/uploads\\\/Fotolia_39735978_S.jpg?fit=657%2C730&ssl=1\",\"width\":657,\"height\":730,\"caption\":\"Rechtsanwaltsfachangestellte\"},{\"@type\":\"BreadcrumbList\",\"@id\":\"https:\\\/\\\/www.legalprofession.de\\\/index.php\\\/juristische-berufe-legal-profession\\\/assistenzberufe\\\/rechtsanwaltsfachangestellte#breadcrumb\",\"itemListElement\":[{\"@type\":\"ListItem\",\"position\":1,\"name\":\"Startseite\",\"item\":\"https:\\\/\\\/www.legalprofession.de\\\/\"},{\"@type\":\"ListItem\",\"position\":2,\"name\":\"Juristische Berufe &#8211; Legal Profession\",\"item\":\"https:\\\/\\\/www.legalprofession.de\\\/index.php\\\/juristische-berufe-legal-profession\"},{\"@type\":\"ListItem\",\"position\":3,\"name\":\"Assistenzberufe\",\"item\":\"https:\\\/\\\/www.legalprofession.de\\\/index.php\\\/juristische-berufe-legal-profession\\\/assistenzberufe\"},{\"@type\":\"ListItem\",\"position\":4,\"name\":\"Rechtsanwaltsfachangestellte\"}]},{\"@type\":\"WebSite\",\"@id\":\"https:\\\/\\\/www.legalprofession.de\\\/#website\",\"url\":\"https:\\\/\\\/www.legalprofession.de\\\/\",\"name\":\"LegalProfession\u00ae\",\"description\":\"Recruiting Coaching Consulting AZAV\",\"publisher\":{\"@id\":\"https:\\\/\\\/www.legalprofession.de\\\/#organization\"},\"potentialAction\":[{\"@type\":\"SearchAction\",\"target\":{\"@type\":\"EntryPoint\",\"urlTemplate\":\"https:\\\/\\\/www.legalprofession.de\\\/?s={search_term_string}\"},\"query-input\":{\"@type\":\"PropertyValueSpecification\",\"valueRequired\":true,\"valueName\":\"search_term_string\"}}],\"inLanguage\":\"de\"},{\"@type\":\"Organization\",\"@id\":\"https:\\\/\\\/www.legalprofession.de\\\/#organization\",\"name\":\"LegalProfession\u00ae Recruitment Coaching Consulting\",\"url\":\"https:\\\/\\\/www.legalprofession.de\\\/\",\"logo\":{\"@type\":\"ImageObject\",\"inLanguage\":\"de\",\"@id\":\"https:\\\/\\\/www.legalprofession.de\\\/#\\\/schema\\\/logo\\\/image\\\/\",\"url\":\"https:\\\/\\\/i0.wp.com\\\/www.legalprofession.de\\\/wp-content\\\/uploads\\\/Logo-LP-1.jpg?fit=354%2C141&ssl=1\",\"contentUrl\":\"https:\\\/\\\/i0.wp.com\\\/www.legalprofession.de\\\/wp-content\\\/uploads\\\/Logo-LP-1.jpg?fit=354%2C141&ssl=1\",\"width\":354,\"height\":141,\"caption\":\"LegalProfession\u00ae Recruitment Coaching Consulting\"},\"image\":{\"@id\":\"https:\\\/\\\/www.legalprofession.de\\\/#\\\/schema\\\/logo\\\/image\\\/\"},\"sameAs\":[\"https:\\\/\\\/www.linkedin.com\\\/in\\\/marion-proft-legalprofession\\\/\",\"https:\\\/\\\/www.xing.com\\\/profile\\\/Marion_Proft\\\/portfolio\"]}]}<\/script>\n<!-- \/ Yoast SEO plugin. -->","yoast_head_json":{"title":"Rechtsanwaltsfachangestellte - LegalProfession\u00ae","description":"Die Rechtsanwaltsfachangestellte ist die Fachangestellte des Rechtsanwalts und als ReFa das \"Re\" der Ausbildung der ReNoPat-Berufe","robots":{"index":"index","follow":"follow","max-snippet":"max-snippet:-1","max-image-preview":"max-image-preview:large","max-video-preview":"max-video-preview:-1"},"canonical":"https:\/\/www.legalprofession.de\/index.php\/juristische-berufe-legal-profession\/assistenzberufe\/rechtsanwaltsfachangestellte","og_locale":"de_DE","og_type":"article","og_title":"Rechtsanwaltsfachangestellte - LegalProfession\u00ae","og_description":"Die Rechtsanwaltsfachangestellte ist die Fachangestellte des Rechtsanwalts und als ReFa das \"Re\" der Ausbildung der ReNoPat-Berufe","og_url":"https:\/\/www.legalprofession.de\/index.php\/juristische-berufe-legal-profession\/assistenzberufe\/rechtsanwaltsfachangestellte","og_site_name":"LegalProfession\u00ae","article_modified_time":"2020-08-09T22:14:36+00:00","og_image":[{"url":"https:\/\/www.legalprofession.de\/wp-content\/uploads\/Fotolia_39735978_S-270x300.jpg","type":"","width":"","height":""}],"twitter_card":"summary_large_image","twitter_misc":{"Gesch\u00e4tzte Lesezeit":"2\u00a0Minuten"},"schema":{"@context":"https:\/\/schema.org","@graph":[{"@type":"WebPage","@id":"https:\/\/www.legalprofession.de\/index.php\/juristische-berufe-legal-profession\/assistenzberufe\/rechtsanwaltsfachangestellte","url":"https:\/\/www.legalprofession.de\/index.php\/juristische-berufe-legal-profession\/assistenzberufe\/rechtsanwaltsfachangestellte","name":"Rechtsanwaltsfachangestellte - LegalProfession\u00ae","isPartOf":{"@id":"https:\/\/www.legalprofession.de\/#website"},"primaryImageOfPage":{"@id":"https:\/\/www.legalprofession.de\/index.php\/juristische-berufe-legal-profession\/assistenzberufe\/rechtsanwaltsfachangestellte#primaryimage"},"image":{"@id":"https:\/\/www.legalprofession.de\/index.php\/juristische-berufe-legal-profession\/assistenzberufe\/rechtsanwaltsfachangestellte#primaryimage"},"thumbnailUrl":"https:\/\/www.legalprofession.de\/wp-content\/uploads\/Fotolia_39735978_S-270x300.jpg","datePublished":"2020-07-28T12:58:12+00:00","dateModified":"2020-08-09T22:14:36+00:00","description":"Die Rechtsanwaltsfachangestellte ist die Fachangestellte des Rechtsanwalts und als ReFa das \"Re\" der Ausbildung der ReNoPat-Berufe","breadcrumb":{"@id":"https:\/\/www.legalprofession.de\/index.php\/juristische-berufe-legal-profession\/assistenzberufe\/rechtsanwaltsfachangestellte#breadcrumb"},"inLanguage":"de","potentialAction":[{"@type":"ReadAction","target":["https:\/\/www.legalprofession.de\/index.php\/juristische-berufe-legal-profession\/assistenzberufe\/rechtsanwaltsfachangestellte"]}]},{"@type":"ImageObject","inLanguage":"de","@id":"https:\/\/www.legalprofession.de\/index.php\/juristische-berufe-legal-profession\/assistenzberufe\/rechtsanwaltsfachangestellte#primaryimage","url":"https:\/\/i0.wp.com\/www.legalprofession.de\/wp-content\/uploads\/Fotolia_39735978_S.jpg?fit=657%2C730&ssl=1","contentUrl":"https:\/\/i0.wp.com\/www.legalprofession.de\/wp-content\/uploads\/Fotolia_39735978_S.jpg?fit=657%2C730&ssl=1","width":657,"height":730,"caption":"Rechtsanwaltsfachangestellte"},{"@type":"BreadcrumbList","@id":"https:\/\/www.legalprofession.de\/index.php\/juristische-berufe-legal-profession\/assistenzberufe\/rechtsanwaltsfachangestellte#breadcrumb","itemListElement":[{"@type":"ListItem","position":1,"name":"Startseite","item":"https:\/\/www.legalprofession.de\/"},{"@type":"ListItem","position":2,"name":"Juristische Berufe &#8211; Legal Profession","item":"https:\/\/www.legalprofession.de\/index.php\/juristische-berufe-legal-profession"},{"@type":"ListItem","position":3,"name":"Assistenzberufe","item":"https:\/\/www.legalprofession.de\/index.php\/juristische-berufe-legal-profession\/assistenzberufe"},{"@type":"ListItem","position":4,"name":"Rechtsanwaltsfachangestellte"}]},{"@type":"WebSite","@id":"https:\/\/www.legalprofession.de\/#website","url":"https:\/\/www.legalprofession.de\/","name":"LegalProfession\u00ae","description":"Recruiting Coaching Consulting AZAV","publisher":{"@id":"https:\/\/www.legalprofession.de\/#organization"},"potentialAction":[{"@type":"SearchAction","target":{"@type":"EntryPoint","urlTemplate":"https:\/\/www.legalprofession.de\/?s={search_term_string}"},"query-input":{"@type":"PropertyValueSpecification","valueRequired":true,"valueName":"search_term_string"}}],"inLanguage":"de"},{"@type":"Organization","@id":"https:\/\/www.legalprofession.de\/#organization","name":"LegalProfession\u00ae Recruitment Coaching Consulting","url":"https:\/\/www.legalprofession.de\/","logo":{"@type":"ImageObject","inLanguage":"de","@id":"https:\/\/www.legalprofession.de\/#\/schema\/logo\/image\/","url":"https:\/\/i0.wp.com\/www.legalprofession.de\/wp-content\/uploads\/Logo-LP-1.jpg?fit=354%2C141&ssl=1","contentUrl":"https:\/\/i0.wp.com\/www.legalprofession.de\/wp-content\/uploads\/Logo-LP-1.jpg?fit=354%2C141&ssl=1","width":354,"height":141,"caption":"LegalProfession\u00ae Recruitment Coaching Consulting"},"image":{"@id":"https:\/\/www.legalprofession.de\/#\/schema\/logo\/image\/"},"sameAs":["https:\/\/www.linkedin.com\/in\/marion-proft-legalprofession\/","https:\/\/www.xing.com\/profile\/Marion_Proft\/portfolio"]}]}},"jetpack_shortlink":"https:\/\/wp.me\/P8oDIe-qB","jetpack_sharing_enabled":true,"_links":{"self":[{"href":"https:\/\/www.legalprofession.de\/index.php\/wp-json\/wp\/v2\/pages\/1649","targetHints":{"allow":["GET"]}}],"collection":[{"href":"https:\/\/www.legalprofession.de\/index.php\/wp-json\/wp\/v2\/pages"}],"about":[{"href":"https:\/\/www.legalprofession.de\/index.php\/wp-json\/wp\/v2\/types\/page"}],"author":[{"embeddable":true,"href":"https:\/\/www.legalprofession.de\/index.php\/wp-json\/wp\/v2\/users\/2"}],"replies":[{"embeddable":true,"href":"https:\/\/www.legalprofession.de\/index.php\/wp-json\/wp\/v2\/comments?post=1649"}],"version-history":[{"count":0,"href":"https:\/\/www.legalprofession.de\/index.php\/wp-json\/wp\/v2\/pages\/1649\/revisions"}],"up":[{"embeddable":true,"href":"https:\/\/www.legalprofession.de\/index.php\/wp-json\/wp\/v2\/pages\/1697"}],"wp:attachment":[{"href":"https:\/\/www.legalprofession.de\/index.php\/wp-json\/wp\/v2\/media?parent=1649"}],"curies":[{"name":"wp","href":"https:\/\/api.w.org\/{rel}","templated":true}]}}