{"id":1697,"date":"2020-07-28T15:01:56","date_gmt":"2020-07-28T13:01:56","guid":{"rendered":"http:\/\/www.legalprofession.de\/?page_id=1697"},"modified":"2021-02-07T21:53:54","modified_gmt":"2021-02-07T20:53:54","slug":"assistenzberufe","status":"publish","type":"page","link":"https:\/\/www.legalprofession.de\/index.php\/juristische-berufe-legal-profession\/assistenzberufe","title":{"rendered":"Assistenzberufe"},"content":{"rendered":"<h5><span style=\"color: #ff0000;\">Assistenzberufe &#8211; kaufm\u00e4nnisch &#8211; fachlich &#8211; fremdsprachlich<\/span><\/h5>\n<p>Assistentin, Sekret\u00e4rin, B\u00fcrokraft, Sachbearbeiterin, Schreibkraft\u00a0 &#8211; es gibt etliche Bezeichnungen f\u00fcr die T\u00e4tigkeiten in B\u00fcro und Sekretariat. Dahinter verbergen sich meist Assistenzberufe auf der Grundlage einer kaufm\u00e4nnischen, fremdsprachlichen oder fachlichen Ausbildung.<\/p>\n<h5><span style=\"color: #ff0000;\">weiblich &#8211; m\u00e4nnlich und divers<\/span><\/h5>\n<p>In der Assistenz h\u00e4tten Sie keinen Mann erwartet? Richtig, es ist ein klassischer Frauenberuf. Aber der junge Mann auf dem Foto ist auch kein Sekret\u00e4r, sondern Anwalt. Er schreibt seit Kurzem wieder selbst. Das hat er sich \u00fcbrigens selbst zuzuschreiben, denn seine Kanzlei hat seit Jahren keine ReNoPat-Fachangestellten ausgebildet.<\/p>\n<p><img data-recalc-dims=\"1\" fetchpriority=\"high\" decoding=\"async\" data-attachment-id=\"1806\" data-permalink=\"https:\/\/www.legalprofession.de\/index.php\/juristische-berufe-legal-profession\/assistenzberufe\/writer\" data-orig-file=\"https:\/\/i0.wp.com\/www.legalprofession.de\/wp-content\/uploads\/2014\/04\/Sekret%C3%A4r-e1397410988744.jpg?fit=400%2C268&amp;ssl=1\" data-orig-size=\"400,268\" data-comments-opened=\"0\" data-image-meta=\"{&quot;aperture&quot;:&quot;0&quot;,&quot;credit&quot;:&quot;olly - Fotolia&quot;,&quot;camera&quot;:&quot;&quot;,&quot;caption&quot;:&quot;&quot;,&quot;created_timestamp&quot;:&quot;1363103431&quot;,&quot;copyright&quot;:&quot;olly - Fotolia&quot;,&quot;focal_length&quot;:&quot;0&quot;,&quot;iso&quot;:&quot;0&quot;,&quot;shutter_speed&quot;:&quot;0&quot;,&quot;title&quot;:&quot;writer&quot;}\" data-image-title=\"Assistenzberufe\" data-image-description=\"&lt;p&gt;Juristische Berufe Assistenzberufe&lt;\/p&gt;\n\" data-image-caption=\"\" data-large-file=\"https:\/\/i0.wp.com\/www.legalprofession.de\/wp-content\/uploads\/2014\/04\/Sekret%C3%A4r-e1397410988744.jpg?fit=400%2C268&amp;ssl=1\" class=\"alignnone wp-image-1806 size-full\" title=\"Assinstenzberufe\" src=\"https:\/\/i0.wp.com\/www.legalprofession.de\/wp-content\/uploads\/2014\/04\/Sekret%C3%A4r-e1397410988744.jpg?resize=400%2C268&#038;ssl=1\" alt=\"Assistenzberufe juristische Berufe\" width=\"400\" height=\"268\" \/><\/p>\n<p style=\"text-align: justify;\">Die Nachwuchssituation in den juristischen Assistenzberufen ist besorgniserregend. Dieser Zustand ist seit Jahren bekannt und wird von Betroffenen und Verantwortlichen gleicherma\u00dfen bedauert und beklagt. Allerdings f\u00fchrt in dem Fall das (Weh-)Klagen nicht zur L\u00f6sung. Seit dem deutschen Einheitsjahr 1989 hat sich die Zahl der zugelassenen Rechtsanw\u00e4lte nahezu verdreifacht. Die Anzahl der Auszubildenden in den dazu geh\u00f6rigen Assistenzberufen hat sich im gleichen Zeitraum halbiert. Im Notariat ist l\u00e4ngst der Notstand ausgebrochen und die Patentanw\u00e4lte \u00fcberlegen, sich die Erfindung zuk\u00fcnftiger Assistenten patentieren zu lassen. Aber der Mangel an Nachwuchskandidaten f\u00fcr die klassischen Ausbildungsberufe in der anwaltlichen Assistenz ist nur eine Seite des \u00dcbels, denn Anforderungen und Arbeitsfelder haben sich mit der Internationalisierung des deutschen Rechtsmarktes gravierend ver\u00e4ndert. Die Anw\u00e4lte tragen Anzug statt Robe und besch\u00e4ftigen sich immer seltener nicht mit Mietrecht und Familienstreitigkeiten, daf\u00fcr\u00a0mit Kapitalm\u00e4rkten, Immobilienportfolios und Unternehmenstransaktionen.<\/p>\n<hr \/>\n<p style=\"text-align: justify;\">\n","protected":false},"excerpt":{"rendered":"<p>Assistenzberufe &#8211; kaufm\u00e4nnisch &#8211; fachlich &#8211; fremdsprachlich Assistentin, Sekret\u00e4rin, B\u00fcrokraft, Sachbearbeiterin, Schreibkraft\u00a0 &#8211; es gibt etliche Bezeichnungen f\u00fcr die T\u00e4tigkeiten in B\u00fcro und Sekretariat. Dahinter verbergen sich meist Assistenzberufe auf der Grundlage einer kaufm\u00e4nnischen, fremdsprachlichen oder fachlichen Ausbildung. weiblich &#8211; m\u00e4nnlich und divers In der Assistenz h\u00e4tten Sie keinen Mann erwartet? Richtig, es ist ein&hellip; <a href=\"https:\/\/www.legalprofession.de\/index.php\/juristische-berufe-legal-profession\/assistenzberufe\">Continue reading&#8230;<\/a><\/p>\n","protected":false},"author":2,"featured_media":0,"parent":1643,"menu_order":1,"comment_status":"closed","ping_status":"open","template":"templates\/page-full-width.php","meta":{"jetpack_post_was_ever_published":false,"footnotes":""},"class_list":["post-1697","page","type-page","status-publish","hentry"],"yoast_head":"<!-- This site is optimized with the Yoast SEO plugin v27.3 - https:\/\/yoast.com\/product\/yoast-seo-wordpress\/ -->\n<title>Assistenzberufe - LegalProfession\u00ae<\/title>\n<meta name=\"description\" content=\"Assistenzberufe, Sekret\u00e4rin, B\u00fcrokraft, Sachbearbeiterin, Schreibkraft oder Fachangestellte - \u00fcbliche Bezeichnungen f\u00fcr klassische Frauenberufe\" \/>\n<meta name=\"robots\" content=\"index, follow, max-snippet:-1, max-image-preview:large, max-video-preview:-1\" \/>\n<link rel=\"canonical\" href=\"https:\/\/www.legalprofession.de\/index.php\/juristische-berufe-legal-profession\/assistenzberufe\" \/>\n<meta property=\"og:locale\" content=\"de_DE\" \/>\n<meta property=\"og:type\" content=\"article\" \/>\n<meta property=\"og:title\" content=\"Assistenzberufe - LegalProfession\u00ae\" \/>\n<meta property=\"og:description\" content=\"Assistenzberufe, Sekret\u00e4rin, B\u00fcrokraft, Sachbearbeiterin, Schreibkraft oder Fachangestellte - \u00fcbliche Bezeichnungen f\u00fcr klassische Frauenberufe\" \/>\n<meta property=\"og:url\" content=\"https:\/\/www.legalprofession.de\/index.php\/juristische-berufe-legal-profession\/assistenzberufe\" \/>\n<meta property=\"og:site_name\" content=\"LegalProfession\u00ae\" \/>\n<meta property=\"article:modified_time\" content=\"2021-02-07T20:53:54+00:00\" \/>\n<meta property=\"og:image\" content=\"https:\/\/www.legalprofession.de\/wp-content\/uploads\/2014\/04\/Sekret\u00e4r-e1397410988744.jpg\" \/>\n<meta name=\"twitter:card\" content=\"summary_large_image\" \/>\n<meta name=\"twitter:label1\" content=\"Gesch\u00e4tzte Lesezeit\" \/>\n\t<meta name=\"twitter:data1\" content=\"2\u00a0Minuten\" \/>\n<script type=\"application\/ld+json\" class=\"yoast-schema-graph\">{\"@context\":\"https:\\\/\\\/schema.org\",\"@graph\":[{\"@type\":\"WebPage\",\"@id\":\"https:\\\/\\\/www.legalprofession.de\\\/index.php\\\/juristische-berufe-legal-profession\\\/assistenzberufe\",\"url\":\"https:\\\/\\\/www.legalprofession.de\\\/index.php\\\/juristische-berufe-legal-profession\\\/assistenzberufe\",\"name\":\"Assistenzberufe - LegalProfession\u00ae\",\"isPartOf\":{\"@id\":\"https:\\\/\\\/www.legalprofession.de\\\/#website\"},\"datePublished\":\"2020-07-28T13:01:56+00:00\",\"dateModified\":\"2021-02-07T20:53:54+00:00\",\"description\":\"Assistenzberufe, Sekret\u00e4rin, B\u00fcrokraft, Sachbearbeiterin, Schreibkraft oder Fachangestellte - \u00fcbliche Bezeichnungen f\u00fcr klassische Frauenberufe\",\"breadcrumb\":{\"@id\":\"https:\\\/\\\/www.legalprofession.de\\\/index.php\\\/juristische-berufe-legal-profession\\\/assistenzberufe#breadcrumb\"},\"inLanguage\":\"de\",\"potentialAction\":[{\"@type\":\"ReadAction\",\"target\":[\"https:\\\/\\\/www.legalprofession.de\\\/index.php\\\/juristische-berufe-legal-profession\\\/assistenzberufe\"]}]},{\"@type\":\"BreadcrumbList\",\"@id\":\"https:\\\/\\\/www.legalprofession.de\\\/index.php\\\/juristische-berufe-legal-profession\\\/assistenzberufe#breadcrumb\",\"itemListElement\":[{\"@type\":\"ListItem\",\"position\":1,\"name\":\"Startseite\",\"item\":\"https:\\\/\\\/www.legalprofession.de\\\/\"},{\"@type\":\"ListItem\",\"position\":2,\"name\":\"Juristische Berufe &#8211; Legal Profession\",\"item\":\"https:\\\/\\\/www.legalprofession.de\\\/index.php\\\/juristische-berufe-legal-profession\"},{\"@type\":\"ListItem\",\"position\":3,\"name\":\"Assistenzberufe\"}]},{\"@type\":\"WebSite\",\"@id\":\"https:\\\/\\\/www.legalprofession.de\\\/#website\",\"url\":\"https:\\\/\\\/www.legalprofession.de\\\/\",\"name\":\"LegalProfession\u00ae\",\"description\":\"Recruiting Coaching Consulting AZAV\",\"publisher\":{\"@id\":\"https:\\\/\\\/www.legalprofession.de\\\/#organization\"},\"potentialAction\":[{\"@type\":\"SearchAction\",\"target\":{\"@type\":\"EntryPoint\",\"urlTemplate\":\"https:\\\/\\\/www.legalprofession.de\\\/?s={search_term_string}\"},\"query-input\":{\"@type\":\"PropertyValueSpecification\",\"valueRequired\":true,\"valueName\":\"search_term_string\"}}],\"inLanguage\":\"de\"},{\"@type\":\"Organization\",\"@id\":\"https:\\\/\\\/www.legalprofession.de\\\/#organization\",\"name\":\"LegalProfession\u00ae Recruitment Coaching Consulting\",\"url\":\"https:\\\/\\\/www.legalprofession.de\\\/\",\"logo\":{\"@type\":\"ImageObject\",\"inLanguage\":\"de\",\"@id\":\"https:\\\/\\\/www.legalprofession.de\\\/#\\\/schema\\\/logo\\\/image\\\/\",\"url\":\"https:\\\/\\\/i0.wp.com\\\/www.legalprofession.de\\\/wp-content\\\/uploads\\\/Logo-LP-1.jpg?fit=354%2C141&ssl=1\",\"contentUrl\":\"https:\\\/\\\/i0.wp.com\\\/www.legalprofession.de\\\/wp-content\\\/uploads\\\/Logo-LP-1.jpg?fit=354%2C141&ssl=1\",\"width\":354,\"height\":141,\"caption\":\"LegalProfession\u00ae Recruitment Coaching Consulting\"},\"image\":{\"@id\":\"https:\\\/\\\/www.legalprofession.de\\\/#\\\/schema\\\/logo\\\/image\\\/\"},\"sameAs\":[\"https:\\\/\\\/www.linkedin.com\\\/in\\\/marion-proft-legalprofession\\\/\",\"https:\\\/\\\/www.xing.com\\\/profile\\\/Marion_Proft\\\/portfolio\"]}]}<\/script>\n<!-- \/ Yoast SEO plugin. -->","yoast_head_json":{"title":"Assistenzberufe - LegalProfession\u00ae","description":"Assistenzberufe, Sekret\u00e4rin, B\u00fcrokraft, Sachbearbeiterin, Schreibkraft oder Fachangestellte - \u00fcbliche Bezeichnungen f\u00fcr klassische Frauenberufe","robots":{"index":"index","follow":"follow","max-snippet":"max-snippet:-1","max-image-preview":"max-image-preview:large","max-video-preview":"max-video-preview:-1"},"canonical":"https:\/\/www.legalprofession.de\/index.php\/juristische-berufe-legal-profession\/assistenzberufe","og_locale":"de_DE","og_type":"article","og_title":"Assistenzberufe - LegalProfession\u00ae","og_description":"Assistenzberufe, Sekret\u00e4rin, B\u00fcrokraft, Sachbearbeiterin, Schreibkraft oder Fachangestellte - \u00fcbliche Bezeichnungen f\u00fcr klassische Frauenberufe","og_url":"https:\/\/www.legalprofession.de\/index.php\/juristische-berufe-legal-profession\/assistenzberufe","og_site_name":"LegalProfession\u00ae","article_modified_time":"2021-02-07T20:53:54+00:00","og_image":[{"url":"https:\/\/www.legalprofession.de\/wp-content\/uploads\/2014\/04\/Sekret\u00e4r-e1397410988744.jpg","type":"","width":"","height":""}],"twitter_card":"summary_large_image","twitter_misc":{"Gesch\u00e4tzte Lesezeit":"2\u00a0Minuten"},"schema":{"@context":"https:\/\/schema.org","@graph":[{"@type":"WebPage","@id":"https:\/\/www.legalprofession.de\/index.php\/juristische-berufe-legal-profession\/assistenzberufe","url":"https:\/\/www.legalprofession.de\/index.php\/juristische-berufe-legal-profession\/assistenzberufe","name":"Assistenzberufe - LegalProfession\u00ae","isPartOf":{"@id":"https:\/\/www.legalprofession.de\/#website"},"datePublished":"2020-07-28T13:01:56+00:00","dateModified":"2021-02-07T20:53:54+00:00","description":"Assistenzberufe, Sekret\u00e4rin, B\u00fcrokraft, Sachbearbeiterin, Schreibkraft oder Fachangestellte - \u00fcbliche Bezeichnungen f\u00fcr klassische Frauenberufe","breadcrumb":{"@id":"https:\/\/www.legalprofession.de\/index.php\/juristische-berufe-legal-profession\/assistenzberufe#breadcrumb"},"inLanguage":"de","potentialAction":[{"@type":"ReadAction","target":["https:\/\/www.legalprofession.de\/index.php\/juristische-berufe-legal-profession\/assistenzberufe"]}]},{"@type":"BreadcrumbList","@id":"https:\/\/www.legalprofession.de\/index.php\/juristische-berufe-legal-profession\/assistenzberufe#breadcrumb","itemListElement":[{"@type":"ListItem","position":1,"name":"Startseite","item":"https:\/\/www.legalprofession.de\/"},{"@type":"ListItem","position":2,"name":"Juristische Berufe &#8211; Legal Profession","item":"https:\/\/www.legalprofession.de\/index.php\/juristische-berufe-legal-profession"},{"@type":"ListItem","position":3,"name":"Assistenzberufe"}]},{"@type":"WebSite","@id":"https:\/\/www.legalprofession.de\/#website","url":"https:\/\/www.legalprofession.de\/","name":"LegalProfession\u00ae","description":"Recruiting Coaching Consulting AZAV","publisher":{"@id":"https:\/\/www.legalprofession.de\/#organization"},"potentialAction":[{"@type":"SearchAction","target":{"@type":"EntryPoint","urlTemplate":"https:\/\/www.legalprofession.de\/?s={search_term_string}"},"query-input":{"@type":"PropertyValueSpecification","valueRequired":true,"valueName":"search_term_string"}}],"inLanguage":"de"},{"@type":"Organization","@id":"https:\/\/www.legalprofession.de\/#organization","name":"LegalProfession\u00ae Recruitment Coaching Consulting","url":"https:\/\/www.legalprofession.de\/","logo":{"@type":"ImageObject","inLanguage":"de","@id":"https:\/\/www.legalprofession.de\/#\/schema\/logo\/image\/","url":"https:\/\/i0.wp.com\/www.legalprofession.de\/wp-content\/uploads\/Logo-LP-1.jpg?fit=354%2C141&ssl=1","contentUrl":"https:\/\/i0.wp.com\/www.legalprofession.de\/wp-content\/uploads\/Logo-LP-1.jpg?fit=354%2C141&ssl=1","width":354,"height":141,"caption":"LegalProfession\u00ae Recruitment Coaching Consulting"},"image":{"@id":"https:\/\/www.legalprofession.de\/#\/schema\/logo\/image\/"},"sameAs":["https:\/\/www.linkedin.com\/in\/marion-proft-legalprofession\/","https:\/\/www.xing.com\/profile\/Marion_Proft\/portfolio"]}]}},"jetpack_shortlink":"https:\/\/wp.me\/P8oDIe-rn","jetpack_sharing_enabled":true,"_links":{"self":[{"href":"https:\/\/www.legalprofession.de\/index.php\/wp-json\/wp\/v2\/pages\/1697","targetHints":{"allow":["GET"]}}],"collection":[{"href":"https:\/\/www.legalprofession.de\/index.php\/wp-json\/wp\/v2\/pages"}],"about":[{"href":"https:\/\/www.legalprofession.de\/index.php\/wp-json\/wp\/v2\/types\/page"}],"author":[{"embeddable":true,"href":"https:\/\/www.legalprofession.de\/index.php\/wp-json\/wp\/v2\/users\/2"}],"replies":[{"embeddable":true,"href":"https:\/\/www.legalprofession.de\/index.php\/wp-json\/wp\/v2\/comments?post=1697"}],"version-history":[{"count":0,"href":"https:\/\/www.legalprofession.de\/index.php\/wp-json\/wp\/v2\/pages\/1697\/revisions"}],"up":[{"embeddable":true,"href":"https:\/\/www.legalprofession.de\/index.php\/wp-json\/wp\/v2\/pages\/1643"}],"wp:attachment":[{"href":"https:\/\/www.legalprofession.de\/index.php\/wp-json\/wp\/v2\/media?parent=1697"}],"curies":[{"name":"wp","href":"https:\/\/api.w.org\/{rel}","templated":true}]}}