{"id":1786,"date":"2020-07-28T10:13:49","date_gmt":"2020-07-28T08:13:49","guid":{"rendered":"http:\/\/www.legalprofession.de\/?page_id=1786"},"modified":"2020-08-11T21:50:10","modified_gmt":"2020-08-11T19:50:10","slug":"patentanwalt","status":"publish","type":"page","link":"https:\/\/www.legalprofession.de\/index.php\/juristische-berufe-legal-profession\/patentanwalt","title":{"rendered":"Patentanwalt"},"content":{"rendered":"<p style=\"text-align: justify;\">Der Patentanwalt agiert ganz im Sinne des Erfinders. Die Naturwissenschaftler und Techniker unter den Anw\u00e4lten gelten mit ihrer zweifachen Ausbildung als besonders patent. Und das zu Recht, sind sie doch t\u00e4glich von grandiosen Ideen und bahnbrechenden Erfindungen ihrer Mandanten umgeben.<\/p>\n<p><img data-recalc-dims=\"1\" fetchpriority=\"high\" decoding=\"async\" data-attachment-id=\"7844\" data-permalink=\"https:\/\/www.legalprofession.de\/index.php\/juristische-berufe-legal-profession\/panthermedia-b157530750-2\" data-orig-file=\"https:\/\/i0.wp.com\/www.legalprofession.de\/wp-content\/uploads\/panthermedia_B157530750_400x267-1-e1596995563512.jpg?fit=313%2C267&amp;ssl=1\" data-orig-size=\"313,267\" data-comments-opened=\"0\" data-image-meta=\"{&quot;aperture&quot;:&quot;0&quot;,&quot;credit&quot;:&quot;PantherMedia \/ IgorTishenko&quot;,&quot;camera&quot;:&quot;&quot;,&quot;caption&quot;:&quot;Gesch\\u00e4ftsmann trinkt Kaffee&quot;,&quot;created_timestamp&quot;:&quot;0&quot;,&quot;copyright&quot;:&quot;PantherMedia \/ IgorTishenko&quot;,&quot;focal_length&quot;:&quot;0&quot;,&quot;iso&quot;:&quot;0&quot;,&quot;shutter_speed&quot;:&quot;0&quot;,&quot;title&quot;:&quot;PantherMedia B157530750&quot;,&quot;orientation&quot;:&quot;0&quot;}\" data-image-title=\"PantherMedia B157530750\" data-image-description=\"\" data-image-caption=\"\" data-large-file=\"https:\/\/i0.wp.com\/www.legalprofession.de\/wp-content\/uploads\/panthermedia_B157530750_400x267-1-e1596995563512.jpg?fit=313%2C267&amp;ssl=1\" class=\"wp-image-7844 size-full alignnone\" src=\"https:\/\/i0.wp.com\/www.legalprofession.de\/wp-content\/uploads\/panthermedia_B157530750_400x267-1-e1596995563512.jpg?resize=313%2C267&#038;ssl=1\" alt=\"Juristische Berufe Patentanwalt\" width=\"313\" height=\"267\" srcset=\"https:\/\/i0.wp.com\/www.legalprofession.de\/wp-content\/uploads\/panthermedia_B157530750_400x267-1-e1596995563512.jpg?w=313&amp;ssl=1 313w, https:\/\/i0.wp.com\/www.legalprofession.de\/wp-content\/uploads\/panthermedia_B157530750_400x267-1-e1596995563512.jpg?resize=300%2C256&amp;ssl=1 300w\" sizes=\"(max-width: 313px) 100vw, 313px\" \/><\/p>\n<p>Europ\u00e4ische Patentanw\u00e4lte<\/p>\n<p style=\"text-align: justify;\">Nat\u00fcrlich nur auf dem Papier und in Form von technischen Zeichnungen, Markenanmeldungen, Gebrauchs- oder Geschmacksmustern, Lizenzvertr\u00e4gen oder einer Klageschrift aufgrund der Verletzung von geistigem Eigentum. Damit sind sie in Zeiten von Globalisierung, Produktpiraterie, Internet und Digitalisierung \u00fcber die Ma\u00dfen ausgelastet. Sie vertreten weltweit die Rechte ihrer Mandanten, je nach Zulassung vor dem Deutschen Patent- und Markenamt in M\u00fcnchen bzw. dem <a href=\"https:\/\/www.epo.org\/index_de.html\">Europ\u00e4ischen Patentamt <\/a>in Berlin.<\/p>\n<p>&nbsp;<\/p>\n","protected":false},"excerpt":{"rendered":"<p>Der Patentanwalt agiert ganz im Sinne des Erfinders. Die Naturwissenschaftler und Techniker unter den Anw\u00e4lten gelten mit ihrer zweifachen Ausbildung als besonders patent. Und das zu Recht, sind sie doch t\u00e4glich von grandiosen Ideen und bahnbrechenden Erfindungen ihrer Mandanten umgeben. Europ\u00e4ische Patentanw\u00e4lte Nat\u00fcrlich nur auf dem Papier und in Form von technischen Zeichnungen, Markenanmeldungen, Gebrauchs-&hellip; <a href=\"https:\/\/www.legalprofession.de\/index.php\/juristische-berufe-legal-profession\/patentanwalt\">Continue reading&#8230;<\/a><\/p>\n","protected":false},"author":2,"featured_media":0,"parent":1643,"menu_order":0,"comment_status":"closed","ping_status":"open","template":"templates\/page-full-width-widgets.php","meta":{"jetpack_post_was_ever_published":false,"footnotes":""},"class_list":["post-1786","page","type-page","status-publish","hentry"],"yoast_head":"<!-- This site is optimized with the Yoast SEO plugin v27.3 - https:\/\/yoast.com\/product\/yoast-seo-wordpress\/ -->\n<title>Patentanwalt - LegalProfession\u00ae<\/title>\n<meta name=\"description\" content=\"Der Patentanwalt agiert ganz im Sinne des Erfinders. Die Naturwissenschaftler und Techniker gelten zu Recht als besonders patente Anw\u00e4lte.\" \/>\n<meta name=\"robots\" content=\"index, follow, max-snippet:-1, max-image-preview:large, max-video-preview:-1\" \/>\n<link rel=\"canonical\" href=\"https:\/\/www.legalprofession.de\/index.php\/juristische-berufe-legal-profession\/patentanwalt\" \/>\n<meta property=\"og:locale\" content=\"de_DE\" \/>\n<meta property=\"og:type\" content=\"article\" \/>\n<meta property=\"og:title\" content=\"Patentanwalt - LegalProfession\u00ae\" \/>\n<meta property=\"og:description\" content=\"Der Patentanwalt agiert ganz im Sinne des Erfinders. Die Naturwissenschaftler und Techniker gelten zu Recht als besonders patente Anw\u00e4lte.\" \/>\n<meta property=\"og:url\" content=\"https:\/\/www.legalprofession.de\/index.php\/juristische-berufe-legal-profession\/patentanwalt\" \/>\n<meta property=\"og:site_name\" content=\"LegalProfession\u00ae\" \/>\n<meta property=\"article:modified_time\" content=\"2020-08-11T19:50:10+00:00\" \/>\n<meta property=\"og:image\" content=\"https:\/\/www.legalprofession.de\/wp-content\/uploads\/panthermedia_B157530750_400x267-1-e1596995563512.jpg\" \/>\n<meta name=\"twitter:card\" content=\"summary_large_image\" \/>\n<meta name=\"twitter:label1\" content=\"Gesch\u00e4tzte Lesezeit\" \/>\n\t<meta name=\"twitter:data1\" content=\"1\u00a0Minute\" \/>\n<script type=\"application\/ld+json\" class=\"yoast-schema-graph\">{\"@context\":\"https:\\\/\\\/schema.org\",\"@graph\":[{\"@type\":\"WebPage\",\"@id\":\"https:\\\/\\\/www.legalprofession.de\\\/index.php\\\/juristische-berufe-legal-profession\\\/patentanwalt\",\"url\":\"https:\\\/\\\/www.legalprofession.de\\\/index.php\\\/juristische-berufe-legal-profession\\\/patentanwalt\",\"name\":\"Patentanwalt - LegalProfession\u00ae\",\"isPartOf\":{\"@id\":\"https:\\\/\\\/www.legalprofession.de\\\/#website\"},\"primaryImageOfPage\":{\"@id\":\"https:\\\/\\\/www.legalprofession.de\\\/index.php\\\/juristische-berufe-legal-profession\\\/patentanwalt#primaryimage\"},\"image\":{\"@id\":\"https:\\\/\\\/www.legalprofession.de\\\/index.php\\\/juristische-berufe-legal-profession\\\/patentanwalt#primaryimage\"},\"thumbnailUrl\":\"https:\\\/\\\/www.legalprofession.de\\\/wp-content\\\/uploads\\\/panthermedia_B157530750_400x267-1-e1596995563512.jpg\",\"datePublished\":\"2020-07-28T08:13:49+00:00\",\"dateModified\":\"2020-08-11T19:50:10+00:00\",\"description\":\"Der Patentanwalt agiert ganz im Sinne des Erfinders. Die Naturwissenschaftler und Techniker gelten zu Recht als besonders patente Anw\u00e4lte.\",\"breadcrumb\":{\"@id\":\"https:\\\/\\\/www.legalprofession.de\\\/index.php\\\/juristische-berufe-legal-profession\\\/patentanwalt#breadcrumb\"},\"inLanguage\":\"de\",\"potentialAction\":[{\"@type\":\"ReadAction\",\"target\":[\"https:\\\/\\\/www.legalprofession.de\\\/index.php\\\/juristische-berufe-legal-profession\\\/patentanwalt\"]}]},{\"@type\":\"ImageObject\",\"inLanguage\":\"de\",\"@id\":\"https:\\\/\\\/www.legalprofession.de\\\/index.php\\\/juristische-berufe-legal-profession\\\/patentanwalt#primaryimage\",\"url\":\"https:\\\/\\\/i0.wp.com\\\/www.legalprofession.de\\\/wp-content\\\/uploads\\\/panthermedia_B157530750_400x267-1-e1596995563512.jpg?fit=313%2C267&ssl=1\",\"contentUrl\":\"https:\\\/\\\/i0.wp.com\\\/www.legalprofession.de\\\/wp-content\\\/uploads\\\/panthermedia_B157530750_400x267-1-e1596995563512.jpg?fit=313%2C267&ssl=1\",\"width\":313,\"height\":267,\"caption\":\"Juristische Berufe Patentanwalt\"},{\"@type\":\"BreadcrumbList\",\"@id\":\"https:\\\/\\\/www.legalprofession.de\\\/index.php\\\/juristische-berufe-legal-profession\\\/patentanwalt#breadcrumb\",\"itemListElement\":[{\"@type\":\"ListItem\",\"position\":1,\"name\":\"Startseite\",\"item\":\"https:\\\/\\\/www.legalprofession.de\\\/\"},{\"@type\":\"ListItem\",\"position\":2,\"name\":\"Juristische Berufe &#8211; Legal Profession\",\"item\":\"https:\\\/\\\/www.legalprofession.de\\\/index.php\\\/juristische-berufe-legal-profession\"},{\"@type\":\"ListItem\",\"position\":3,\"name\":\"Patentanwalt\"}]},{\"@type\":\"WebSite\",\"@id\":\"https:\\\/\\\/www.legalprofession.de\\\/#website\",\"url\":\"https:\\\/\\\/www.legalprofession.de\\\/\",\"name\":\"LegalProfession\u00ae\",\"description\":\"Recruiting Coaching Consulting AZAV\",\"publisher\":{\"@id\":\"https:\\\/\\\/www.legalprofession.de\\\/#organization\"},\"potentialAction\":[{\"@type\":\"SearchAction\",\"target\":{\"@type\":\"EntryPoint\",\"urlTemplate\":\"https:\\\/\\\/www.legalprofession.de\\\/?s={search_term_string}\"},\"query-input\":{\"@type\":\"PropertyValueSpecification\",\"valueRequired\":true,\"valueName\":\"search_term_string\"}}],\"inLanguage\":\"de\"},{\"@type\":\"Organization\",\"@id\":\"https:\\\/\\\/www.legalprofession.de\\\/#organization\",\"name\":\"LegalProfession\u00ae Recruitment Coaching Consulting\",\"url\":\"https:\\\/\\\/www.legalprofession.de\\\/\",\"logo\":{\"@type\":\"ImageObject\",\"inLanguage\":\"de\",\"@id\":\"https:\\\/\\\/www.legalprofession.de\\\/#\\\/schema\\\/logo\\\/image\\\/\",\"url\":\"https:\\\/\\\/i0.wp.com\\\/www.legalprofession.de\\\/wp-content\\\/uploads\\\/Logo-LP-1.jpg?fit=354%2C141&ssl=1\",\"contentUrl\":\"https:\\\/\\\/i0.wp.com\\\/www.legalprofession.de\\\/wp-content\\\/uploads\\\/Logo-LP-1.jpg?fit=354%2C141&ssl=1\",\"width\":354,\"height\":141,\"caption\":\"LegalProfession\u00ae Recruitment Coaching Consulting\"},\"image\":{\"@id\":\"https:\\\/\\\/www.legalprofession.de\\\/#\\\/schema\\\/logo\\\/image\\\/\"},\"sameAs\":[\"https:\\\/\\\/www.linkedin.com\\\/in\\\/marion-proft-legalprofession\\\/\",\"https:\\\/\\\/www.xing.com\\\/profile\\\/Marion_Proft\\\/portfolio\"]}]}<\/script>\n<!-- \/ Yoast SEO plugin. -->","yoast_head_json":{"title":"Patentanwalt - LegalProfession\u00ae","description":"Der Patentanwalt agiert ganz im Sinne des Erfinders. Die Naturwissenschaftler und Techniker gelten zu Recht als besonders patente Anw\u00e4lte.","robots":{"index":"index","follow":"follow","max-snippet":"max-snippet:-1","max-image-preview":"max-image-preview:large","max-video-preview":"max-video-preview:-1"},"canonical":"https:\/\/www.legalprofession.de\/index.php\/juristische-berufe-legal-profession\/patentanwalt","og_locale":"de_DE","og_type":"article","og_title":"Patentanwalt - LegalProfession\u00ae","og_description":"Der Patentanwalt agiert ganz im Sinne des Erfinders. Die Naturwissenschaftler und Techniker gelten zu Recht als besonders patente Anw\u00e4lte.","og_url":"https:\/\/www.legalprofession.de\/index.php\/juristische-berufe-legal-profession\/patentanwalt","og_site_name":"LegalProfession\u00ae","article_modified_time":"2020-08-11T19:50:10+00:00","og_image":[{"url":"https:\/\/www.legalprofession.de\/wp-content\/uploads\/panthermedia_B157530750_400x267-1-e1596995563512.jpg","type":"","width":"","height":""}],"twitter_card":"summary_large_image","twitter_misc":{"Gesch\u00e4tzte Lesezeit":"1\u00a0Minute"},"schema":{"@context":"https:\/\/schema.org","@graph":[{"@type":"WebPage","@id":"https:\/\/www.legalprofession.de\/index.php\/juristische-berufe-legal-profession\/patentanwalt","url":"https:\/\/www.legalprofession.de\/index.php\/juristische-berufe-legal-profession\/patentanwalt","name":"Patentanwalt - LegalProfession\u00ae","isPartOf":{"@id":"https:\/\/www.legalprofession.de\/#website"},"primaryImageOfPage":{"@id":"https:\/\/www.legalprofession.de\/index.php\/juristische-berufe-legal-profession\/patentanwalt#primaryimage"},"image":{"@id":"https:\/\/www.legalprofession.de\/index.php\/juristische-berufe-legal-profession\/patentanwalt#primaryimage"},"thumbnailUrl":"https:\/\/www.legalprofession.de\/wp-content\/uploads\/panthermedia_B157530750_400x267-1-e1596995563512.jpg","datePublished":"2020-07-28T08:13:49+00:00","dateModified":"2020-08-11T19:50:10+00:00","description":"Der Patentanwalt agiert ganz im Sinne des Erfinders. Die Naturwissenschaftler und Techniker gelten zu Recht als besonders patente Anw\u00e4lte.","breadcrumb":{"@id":"https:\/\/www.legalprofession.de\/index.php\/juristische-berufe-legal-profession\/patentanwalt#breadcrumb"},"inLanguage":"de","potentialAction":[{"@type":"ReadAction","target":["https:\/\/www.legalprofession.de\/index.php\/juristische-berufe-legal-profession\/patentanwalt"]}]},{"@type":"ImageObject","inLanguage":"de","@id":"https:\/\/www.legalprofession.de\/index.php\/juristische-berufe-legal-profession\/patentanwalt#primaryimage","url":"https:\/\/i0.wp.com\/www.legalprofession.de\/wp-content\/uploads\/panthermedia_B157530750_400x267-1-e1596995563512.jpg?fit=313%2C267&ssl=1","contentUrl":"https:\/\/i0.wp.com\/www.legalprofession.de\/wp-content\/uploads\/panthermedia_B157530750_400x267-1-e1596995563512.jpg?fit=313%2C267&ssl=1","width":313,"height":267,"caption":"Juristische Berufe Patentanwalt"},{"@type":"BreadcrumbList","@id":"https:\/\/www.legalprofession.de\/index.php\/juristische-berufe-legal-profession\/patentanwalt#breadcrumb","itemListElement":[{"@type":"ListItem","position":1,"name":"Startseite","item":"https:\/\/www.legalprofession.de\/"},{"@type":"ListItem","position":2,"name":"Juristische Berufe &#8211; Legal Profession","item":"https:\/\/www.legalprofession.de\/index.php\/juristische-berufe-legal-profession"},{"@type":"ListItem","position":3,"name":"Patentanwalt"}]},{"@type":"WebSite","@id":"https:\/\/www.legalprofession.de\/#website","url":"https:\/\/www.legalprofession.de\/","name":"LegalProfession\u00ae","description":"Recruiting Coaching Consulting AZAV","publisher":{"@id":"https:\/\/www.legalprofession.de\/#organization"},"potentialAction":[{"@type":"SearchAction","target":{"@type":"EntryPoint","urlTemplate":"https:\/\/www.legalprofession.de\/?s={search_term_string}"},"query-input":{"@type":"PropertyValueSpecification","valueRequired":true,"valueName":"search_term_string"}}],"inLanguage":"de"},{"@type":"Organization","@id":"https:\/\/www.legalprofession.de\/#organization","name":"LegalProfession\u00ae Recruitment Coaching Consulting","url":"https:\/\/www.legalprofession.de\/","logo":{"@type":"ImageObject","inLanguage":"de","@id":"https:\/\/www.legalprofession.de\/#\/schema\/logo\/image\/","url":"https:\/\/i0.wp.com\/www.legalprofession.de\/wp-content\/uploads\/Logo-LP-1.jpg?fit=354%2C141&ssl=1","contentUrl":"https:\/\/i0.wp.com\/www.legalprofession.de\/wp-content\/uploads\/Logo-LP-1.jpg?fit=354%2C141&ssl=1","width":354,"height":141,"caption":"LegalProfession\u00ae Recruitment Coaching Consulting"},"image":{"@id":"https:\/\/www.legalprofession.de\/#\/schema\/logo\/image\/"},"sameAs":["https:\/\/www.linkedin.com\/in\/marion-proft-legalprofession\/","https:\/\/www.xing.com\/profile\/Marion_Proft\/portfolio"]}]}},"jetpack_shortlink":"https:\/\/wp.me\/P8oDIe-sO","jetpack_sharing_enabled":true,"_links":{"self":[{"href":"https:\/\/www.legalprofession.de\/index.php\/wp-json\/wp\/v2\/pages\/1786","targetHints":{"allow":["GET"]}}],"collection":[{"href":"https:\/\/www.legalprofession.de\/index.php\/wp-json\/wp\/v2\/pages"}],"about":[{"href":"https:\/\/www.legalprofession.de\/index.php\/wp-json\/wp\/v2\/types\/page"}],"author":[{"embeddable":true,"href":"https:\/\/www.legalprofession.de\/index.php\/wp-json\/wp\/v2\/users\/2"}],"replies":[{"embeddable":true,"href":"https:\/\/www.legalprofession.de\/index.php\/wp-json\/wp\/v2\/comments?post=1786"}],"version-history":[{"count":0,"href":"https:\/\/www.legalprofession.de\/index.php\/wp-json\/wp\/v2\/pages\/1786\/revisions"}],"up":[{"embeddable":true,"href":"https:\/\/www.legalprofession.de\/index.php\/wp-json\/wp\/v2\/pages\/1643"}],"wp:attachment":[{"href":"https:\/\/www.legalprofession.de\/index.php\/wp-json\/wp\/v2\/media?parent=1786"}],"curies":[{"name":"wp","href":"https:\/\/api.w.org\/{rel}","templated":true}]}}