{"id":1794,"date":"2020-04-12T16:52:33","date_gmt":"2020-04-12T15:52:33","guid":{"rendered":"http:\/\/www.legalprofession.de\/?page_id=1794"},"modified":"2020-08-09T20:34:54","modified_gmt":"2020-08-09T18:34:54","slug":"wirtschaftsjurist","status":"publish","type":"page","link":"https:\/\/www.legalprofession.de\/index.php\/juristische-berufe-legal-profession\/wirtschaftsjurist","title":{"rendered":"Wirtschaftsjurist"},"content":{"rendered":"<p style=\"text-align: justify;\">Der Wirtschaftsjurist mit Bachelor- und Masterabschluss, ausgebildet an Fachhochschulen, Hochschulen und Universit\u00e4ten ist Jurist, aber kein Rechtsanwalt, kein Volljurist und auch kein Wirtschaftsanwalt. Der Wirtschaftsjurist ist der Jurist mit Wirtschaftswissen, einen breiten Einsatzf\u00e4higkeit im Unternehmen, im Arbeitsrecht, im Insolvenzrecht, in Projekten und bei Transaktionen im LegalTech, Compliance und Datenschutz.<\/p>\n<p style=\"text-align: justify;\">Wirtschaft und Recht m\u00fcssen zusammen passen &#8211; ebenso wie Gesch\u00e4ftsf\u00fchrer und Juristen. Demzufolge w\u00e4re es nahe liegend, juristische Positionen im Unternehmensumfeld mit Wirtschaftsjuristen zu besetzen.<\/p>\n<p><img data-recalc-dims=\"1\" fetchpriority=\"high\" decoding=\"async\" data-attachment-id=\"2215\" data-permalink=\"https:\/\/www.legalprofession.de\/index.php\/juristische-berufe-legal-profession\/wirtschaftsjurist\/attachment\/2215\" data-orig-file=\"https:\/\/i0.wp.com\/www.legalprofession.de\/wp-content\/uploads\/2014\/04\/Fotolia_52977640_M-e1398703482917.jpg?fit=400%2C233&amp;ssl=1\" data-orig-size=\"400,233\" data-comments-opened=\"0\" data-image-meta=\"{&quot;aperture&quot;:&quot;0&quot;,&quot;credit&quot;:&quot;Sergey Nivens - Fotolia&quot;,&quot;camera&quot;:&quot;&quot;,&quot;caption&quot;:&quot;09e7a61b-8f39-475b-a4af-8d14a1f8d9db&quot;,&quot;created_timestamp&quot;:&quot;1354400575&quot;,&quot;copyright&quot;:&quot;Sergey Nivens - Fotolia&quot;,&quot;focal_length&quot;:&quot;0&quot;,&quot;iso&quot;:&quot;0&quot;,&quot;shutter_speed&quot;:&quot;0&quot;,&quot;title&quot;:&quot;??????????????????&quot;}\" data-image-title=\"Wirtschaftsrecht\" data-image-description=\"&lt;p&gt;09e7a61b-8f39-475b-a4af-8d14a1f8d9db&lt;\/p&gt;\n\" data-image-caption=\"\" data-large-file=\"https:\/\/i0.wp.com\/www.legalprofession.de\/wp-content\/uploads\/2014\/04\/Fotolia_52977640_M-e1398703482917.jpg?fit=770%2C449&amp;ssl=1\" class=\"alignnone wp-image-2215 size-full\" src=\"https:\/\/i0.wp.com\/www.legalprofession.de\/wp-content\/uploads\/2014\/04\/Fotolia_52977640_M-e1398703482917.jpg?resize=400%2C233&#038;ssl=1\" alt=\"Wirtschaftsjurist\" width=\"400\" height=\"233\" \/><\/p>\n<p style=\"text-align: justify;\">Leider verl\u00e4uft der Einsatz der Absolventen mit Bachelor, Master oder Diplomabschluss nicht ganz so passgenau, wie man sich das bei der Schaffung des Studiengangs Wirtschaftsrecht vor immerhin\u00a020 Jahren gedacht hat. Der Wissenschaftsrat pl\u00e4diert auch noch 2013 in seiner Studie f\u00fcr die weitere Ausdifferenzierung des rechtswissenschaftlichen Studienangebots und das Bildungsministerium lobt erste Erfolge bei der Einf\u00fchrung der Studieng\u00e4nge jenseits des Staatsexamens. Allerdings sind diese Botschaften noch nicht bei allen Personalverantwortlichen angekommen und so stolpern viele Absolventen, v\u00f6llig zu Unrecht, \u00fcber die H\u00fcrde des nicht zulassungsberechtigten Juristen. Aber langsam kommt Bewegung in den Recruitingprozess und die Absolventen sollten selbstbewusst zeigen, was Sie k\u00f6nnen. Das der Volljurist alles kann und der Wirtschaftsjurist nur die H\u00e4lfte, ist ein Ger\u00fccht.<\/p>\n<h5 style=\"text-align: justify;\"><span style=\"color: #dd2150;\">Wirtschaftsjuristen in der Rechtsabteilung<\/span><\/h5>\n<p style=\"text-align: justify;\">Inhouse Positionen im Rechtsbereich eines Konzerns, einer Familienbetriebes, einer Bank, Versicherung oder einer Non-Profit-Organisation sind Schnittstellen zwischen Wirtschaft und Recht und so vielf\u00e4ltig wie die Unternehmenswelt. Wirtschaftsjuristen k\u00f6nnen alle Positionen besetzen, die keine anwaltliche Zulassung verlangen. Im Gegensatz zu den Volljuristen haben Sie sich schon w\u00e4hrend ihres Studiums mit Wirtschaftsfragen besch\u00e4ftigt, beherrschen Projektarbeit und Prozesssteuerung und kommunizieren unternehmensnah. Besonders die Absolventen der Fachhochschulen haben eine praxisorientierte Ausbildung genossen, k\u00f6nnen neben ihrem LL.M auf erste Berufs- und Auslandserfahrungen verweisen und sind sehr fit in der eigenen Assistenz.<\/p>\n<h5 style=\"text-align: justify;\"><span style=\"color: #dd2150;\">Wirtschaftsjuristen in Wirtschaftskanzleien<\/span><\/h5>\n<p style=\"text-align: justify;\">Sich neben einer \u00dcberzahl an zugelassenen Rechtsanw\u00e4lten einen Platz in einer Kanzlei zu sichern, bedarf noch mehr Anstrengung und Nachdruck, denn man muss ja erst einmal zeigen k\u00f6nnen, was man kann. Aber die ersten Diplom-Wirtschaftsjuristen haben in Zeiten von M&amp;A und Due Diligence einen guten Job gemacht, so dass Law Firms nun auch Masterabsolventen bei Transaktionen und gro\u00dfvolumigen Deals einsetzen. Aber nicht nur\u00a0der Kostendruck sollte den\u00a0Support Lawyer oder Projektjuristen interessent machen. Denn\u00a0in den Wirtschaftskanzleien gibt es viel Potential und die Absolventen k\u00f6nnten mit ihrem betriebswirtschaftlichen Background dem Kanzleimanagement gute Impulse geben. Vertragsmanagement, Buchhaltung, Controlling, Officemanagement, Business Development, Wissensmanagement und HR sind gute Einsatzfelder f\u00fcr die Allrounder zwischen Legal und Business Support, nicht zu vergessen der Bereich <a href=\"https:\/\/www.legalprofession.de\/index.php\/berufe\/assistenzberufe\/insolvenzsachbearbeiter\">Insolvenzen und Restrukturierung.<\/a><\/p>\n<h5 style=\"text-align: justify;\"><span style=\"color: #dd2150;\">Wirtschaftjuristen sind keine akademischen Gehilfen<\/span><\/h5>\n<p style=\"text-align: justify;\">Die 2013 zum Deutschen Anwaltstag prognostizierte Perspektive der Wirtschaftjuristen, die klassischen Ausbildungsberufe der ReNoPat-Fachangestellten in den Kanzleien teilweise zu ersetzen, ist wohl eher der Wunsch der Verantwortlichen, die die Nachwuchsvorsorge im juristischen Assistenzbereich seit Jahren vers\u00e4umt haben. Wirtschaftsjuristen sind keine akademischen Gehilfen und w\u00fcrden wohl auch nicht zu diesen Konditionen arbeiten. In der gleichen, von der Prognos AG erstellten<a href=\"https:\/\/www.legalprofession.de\/wp-content\/uploads\/DAV-Zukunftsstudie-Langversion.pdf\" target=\"_blank\" rel=\"noopener noreferrer\"> Zukunftsstudie\u00a0i<\/a>st n\u00e4mlich nachzulesen, dass sie ganz andere Chancen haben, da das juristische Angebot im Rechtsdienstleistungsmarkt jenseits der Anwaltschaft differenzierter und durchl\u00e4ssiger wird. Dies gilt wohl an erster Stelle f\u00fcr den Einsatz der Wirtschaftsjuristen.<\/p>\n<h5 style=\"text-align: justify;\"><span style=\"color: #dd2150;\">Wirtschaftsjuristen in der Selbstst\u00e4ndigkeit<\/span><\/h5>\n<p>Auch das geht! Mit einer zus\u00e4tzlichen Pr\u00fcfung zum Finanzberater k\u00f6nnen Sie sich als Verm\u00f6gensberater oder Betriebsbetreuer ein\u00a0Berufsfeld\u00a0erschlie\u00dfen, in dem nur Sie beraten d\u00fcrfen. Sie k\u00f6nnen an dieser Stelle dann eng mit Rechtsanw\u00e4lten, Steuerberatern und Wirtschaftpr\u00fcfern zusammen arbeiten und sie auch gern sachkundig beraten.<\/p>\n<blockquote>\n<p style=\"text-align: justify;\"><span style=\"color: #dd2150;\">Wenn Sie Ihre Karriere zwischen Wirtschaft und Recht anschieben wollen, dann\u00a0senden Sie uns Ihre Bewerbungsunterlagen. Wir halten Ihnen die T\u00fcr auf.<br \/>\n<\/span><\/p>\n<p style=\"text-align: justify;\">\n<\/blockquote>\n<p style=\"text-align: justify;\">Weitere Artikel zum Thema lesen Sie im Blog:<\/p>\n<h6><a href=\"https:\/\/www.legalprofession.de\/index.php\/legal-tech-wirtschaftsjuristen\">LegalTech &#8211; Chance f\u00fcr Wirtschaftsjuristen<\/a><\/h6>\n<h6 style=\"text-align: justify;\"><a href=\"https:\/\/www.legalprofession.de\/index.php\/wirtschaftsjurist\">Wirtschaftsjurist oder Wirtschaftsanwalt?<\/a><\/h6>\n<h6 style=\"text-align: justify;\"><a href=\"https:\/\/www.legalprofession.de\/index.php\/wirtschaftsjuristentag\">Das Proprium des Wirtschaftsjuristen<\/a><\/h6>\n<h6><a href=\"http:\/\/www.wirtschaftsjuristentag.de\/\">1. Wirtschaftsjuristentag<\/a> am\u00a025.09.2015 in Recklinghausen. <a href=\"https:\/\/www.legalprofession.de\/wp-content\/uploads\/LP-Flyer-WiJu.pdf\">\u00a0Flyer<\/a> f\u00fcr Wirtschaftsjuristen\u00a0<a href=\"https:\/\/www.legalprofession.de\/wp-content\/uploads\/LP-Flyer-WiJu.pdf\">\u21d2<\/a><\/h6>\n","protected":false},"excerpt":{"rendered":"<p>Der Wirtschaftsjurist mit Bachelor- und Masterabschluss, ausgebildet an Fachhochschulen, Hochschulen und Universit\u00e4ten ist Jurist, aber kein Rechtsanwalt, kein Volljurist und auch kein Wirtschaftsanwalt. Der Wirtschaftsjurist ist der Jurist mit Wirtschaftswissen, einen breiten Einsatzf\u00e4higkeit im Unternehmen, im Arbeitsrecht, im Insolvenzrecht, in Projekten und bei Transaktionen im LegalTech, Compliance und Datenschutz. Wirtschaft und Recht m\u00fcssen zusammen passen&hellip; <a href=\"https:\/\/www.legalprofession.de\/index.php\/juristische-berufe-legal-profession\/wirtschaftsjurist\">Continue reading&#8230;<\/a><\/p>\n","protected":false},"author":2,"featured_media":0,"parent":1643,"menu_order":1,"comment_status":"closed","ping_status":"open","template":"templates\/page-full-width-widgets.php","meta":{"jetpack_post_was_ever_published":false,"footnotes":""},"class_list":["post-1794","page","type-page","status-publish","hentry"],"yoast_head":"<!-- This site is optimized with the Yoast SEO plugin v27.3 - https:\/\/yoast.com\/product\/yoast-seo-wordpress\/ -->\n<title>Wirtschaftsjurist - LegalProfession\u00ae<\/title>\n<meta name=\"description\" content=\"Der Wirtschaftsjurist mit Bachelor- und Masterabschluss, ausgebildet an Fachhochschulen, Hochschulen und Universit\u00e4ten ist Jurist aber kein Rechtsanwalt.\" \/>\n<meta name=\"robots\" content=\"index, follow, max-snippet:-1, max-image-preview:large, max-video-preview:-1\" \/>\n<link rel=\"canonical\" href=\"https:\/\/www.legalprofession.de\/index.php\/juristische-berufe-legal-profession\/wirtschaftsjurist\" \/>\n<meta property=\"og:locale\" content=\"de_DE\" \/>\n<meta property=\"og:type\" content=\"article\" \/>\n<meta property=\"og:title\" content=\"Wirtschaftsjurist - LegalProfession\u00ae\" \/>\n<meta property=\"og:description\" content=\"Der Wirtschaftsjurist mit Bachelor- und Masterabschluss, ausgebildet an Fachhochschulen, Hochschulen und Universit\u00e4ten ist Jurist aber kein Rechtsanwalt.\" \/>\n<meta property=\"og:url\" content=\"https:\/\/www.legalprofession.de\/index.php\/juristische-berufe-legal-profession\/wirtschaftsjurist\" \/>\n<meta property=\"og:site_name\" content=\"LegalProfession\u00ae\" \/>\n<meta property=\"article:modified_time\" content=\"2020-08-09T18:34:54+00:00\" \/>\n<meta property=\"og:image\" content=\"https:\/\/www.legalprofession.de\/wp-content\/uploads\/2014\/04\/Fotolia_52977640_M-e1398703482917.jpg\" \/>\n<meta name=\"twitter:card\" content=\"summary_large_image\" \/>\n<meta name=\"twitter:label1\" content=\"Gesch\u00e4tzte Lesezeit\" \/>\n\t<meta name=\"twitter:data1\" content=\"3\u00a0Minuten\" \/>\n<script type=\"application\/ld+json\" class=\"yoast-schema-graph\">{\"@context\":\"https:\\\/\\\/schema.org\",\"@graph\":[{\"@type\":\"WebPage\",\"@id\":\"https:\\\/\\\/www.legalprofession.de\\\/index.php\\\/juristische-berufe-legal-profession\\\/wirtschaftsjurist\",\"url\":\"https:\\\/\\\/www.legalprofession.de\\\/index.php\\\/juristische-berufe-legal-profession\\\/wirtschaftsjurist\",\"name\":\"Wirtschaftsjurist - LegalProfession\u00ae\",\"isPartOf\":{\"@id\":\"https:\\\/\\\/www.legalprofession.de\\\/#website\"},\"primaryImageOfPage\":{\"@id\":\"https:\\\/\\\/www.legalprofession.de\\\/index.php\\\/juristische-berufe-legal-profession\\\/wirtschaftsjurist#primaryimage\"},\"image\":{\"@id\":\"https:\\\/\\\/www.legalprofession.de\\\/index.php\\\/juristische-berufe-legal-profession\\\/wirtschaftsjurist#primaryimage\"},\"thumbnailUrl\":\"https:\\\/\\\/www.legalprofession.de\\\/wp-content\\\/uploads\\\/2014\\\/04\\\/Fotolia_52977640_M-e1398703482917.jpg\",\"datePublished\":\"2020-04-12T15:52:33+00:00\",\"dateModified\":\"2020-08-09T18:34:54+00:00\",\"description\":\"Der Wirtschaftsjurist mit Bachelor- und Masterabschluss, ausgebildet an Fachhochschulen, Hochschulen und Universit\u00e4ten ist Jurist aber kein Rechtsanwalt.\",\"breadcrumb\":{\"@id\":\"https:\\\/\\\/www.legalprofession.de\\\/index.php\\\/juristische-berufe-legal-profession\\\/wirtschaftsjurist#breadcrumb\"},\"inLanguage\":\"de\",\"potentialAction\":[{\"@type\":\"ReadAction\",\"target\":[\"https:\\\/\\\/www.legalprofession.de\\\/index.php\\\/juristische-berufe-legal-profession\\\/wirtschaftsjurist\"]}]},{\"@type\":\"ImageObject\",\"inLanguage\":\"de\",\"@id\":\"https:\\\/\\\/www.legalprofession.de\\\/index.php\\\/juristische-berufe-legal-profession\\\/wirtschaftsjurist#primaryimage\",\"url\":\"https:\\\/\\\/i0.wp.com\\\/www.legalprofession.de\\\/wp-content\\\/uploads\\\/2014\\\/04\\\/Fotolia_52977640_M-e1398703482917.jpg?fit=400%2C233&ssl=1\",\"contentUrl\":\"https:\\\/\\\/i0.wp.com\\\/www.legalprofession.de\\\/wp-content\\\/uploads\\\/2014\\\/04\\\/Fotolia_52977640_M-e1398703482917.jpg?fit=400%2C233&ssl=1\",\"width\":400,\"height\":233},{\"@type\":\"BreadcrumbList\",\"@id\":\"https:\\\/\\\/www.legalprofession.de\\\/index.php\\\/juristische-berufe-legal-profession\\\/wirtschaftsjurist#breadcrumb\",\"itemListElement\":[{\"@type\":\"ListItem\",\"position\":1,\"name\":\"Startseite\",\"item\":\"https:\\\/\\\/www.legalprofession.de\\\/\"},{\"@type\":\"ListItem\",\"position\":2,\"name\":\"Juristische Berufe &#8211; Legal Profession\",\"item\":\"https:\\\/\\\/www.legalprofession.de\\\/index.php\\\/juristische-berufe-legal-profession\"},{\"@type\":\"ListItem\",\"position\":3,\"name\":\"Wirtschaftsjurist\"}]},{\"@type\":\"WebSite\",\"@id\":\"https:\\\/\\\/www.legalprofession.de\\\/#website\",\"url\":\"https:\\\/\\\/www.legalprofession.de\\\/\",\"name\":\"LegalProfession\u00ae\",\"description\":\"Recruiting Coaching Consulting AZAV\",\"publisher\":{\"@id\":\"https:\\\/\\\/www.legalprofession.de\\\/#organization\"},\"potentialAction\":[{\"@type\":\"SearchAction\",\"target\":{\"@type\":\"EntryPoint\",\"urlTemplate\":\"https:\\\/\\\/www.legalprofession.de\\\/?s={search_term_string}\"},\"query-input\":{\"@type\":\"PropertyValueSpecification\",\"valueRequired\":true,\"valueName\":\"search_term_string\"}}],\"inLanguage\":\"de\"},{\"@type\":\"Organization\",\"@id\":\"https:\\\/\\\/www.legalprofession.de\\\/#organization\",\"name\":\"LegalProfession\u00ae Recruitment Coaching Consulting\",\"url\":\"https:\\\/\\\/www.legalprofession.de\\\/\",\"logo\":{\"@type\":\"ImageObject\",\"inLanguage\":\"de\",\"@id\":\"https:\\\/\\\/www.legalprofession.de\\\/#\\\/schema\\\/logo\\\/image\\\/\",\"url\":\"https:\\\/\\\/i0.wp.com\\\/www.legalprofession.de\\\/wp-content\\\/uploads\\\/Logo-LP-1.jpg?fit=354%2C141&ssl=1\",\"contentUrl\":\"https:\\\/\\\/i0.wp.com\\\/www.legalprofession.de\\\/wp-content\\\/uploads\\\/Logo-LP-1.jpg?fit=354%2C141&ssl=1\",\"width\":354,\"height\":141,\"caption\":\"LegalProfession\u00ae Recruitment Coaching Consulting\"},\"image\":{\"@id\":\"https:\\\/\\\/www.legalprofession.de\\\/#\\\/schema\\\/logo\\\/image\\\/\"},\"sameAs\":[\"https:\\\/\\\/www.linkedin.com\\\/in\\\/marion-proft-legalprofession\\\/\",\"https:\\\/\\\/www.xing.com\\\/profile\\\/Marion_Proft\\\/portfolio\"]}]}<\/script>\n<!-- \/ Yoast SEO plugin. -->","yoast_head_json":{"title":"Wirtschaftsjurist - LegalProfession\u00ae","description":"Der Wirtschaftsjurist mit Bachelor- und Masterabschluss, ausgebildet an Fachhochschulen, Hochschulen und Universit\u00e4ten ist Jurist aber kein Rechtsanwalt.","robots":{"index":"index","follow":"follow","max-snippet":"max-snippet:-1","max-image-preview":"max-image-preview:large","max-video-preview":"max-video-preview:-1"},"canonical":"https:\/\/www.legalprofession.de\/index.php\/juristische-berufe-legal-profession\/wirtschaftsjurist","og_locale":"de_DE","og_type":"article","og_title":"Wirtschaftsjurist - LegalProfession\u00ae","og_description":"Der Wirtschaftsjurist mit Bachelor- und Masterabschluss, ausgebildet an Fachhochschulen, Hochschulen und Universit\u00e4ten ist Jurist aber kein Rechtsanwalt.","og_url":"https:\/\/www.legalprofession.de\/index.php\/juristische-berufe-legal-profession\/wirtschaftsjurist","og_site_name":"LegalProfession\u00ae","article_modified_time":"2020-08-09T18:34:54+00:00","og_image":[{"url":"https:\/\/www.legalprofession.de\/wp-content\/uploads\/2014\/04\/Fotolia_52977640_M-e1398703482917.jpg","type":"","width":"","height":""}],"twitter_card":"summary_large_image","twitter_misc":{"Gesch\u00e4tzte Lesezeit":"3\u00a0Minuten"},"schema":{"@context":"https:\/\/schema.org","@graph":[{"@type":"WebPage","@id":"https:\/\/www.legalprofession.de\/index.php\/juristische-berufe-legal-profession\/wirtschaftsjurist","url":"https:\/\/www.legalprofession.de\/index.php\/juristische-berufe-legal-profession\/wirtschaftsjurist","name":"Wirtschaftsjurist - LegalProfession\u00ae","isPartOf":{"@id":"https:\/\/www.legalprofession.de\/#website"},"primaryImageOfPage":{"@id":"https:\/\/www.legalprofession.de\/index.php\/juristische-berufe-legal-profession\/wirtschaftsjurist#primaryimage"},"image":{"@id":"https:\/\/www.legalprofession.de\/index.php\/juristische-berufe-legal-profession\/wirtschaftsjurist#primaryimage"},"thumbnailUrl":"https:\/\/www.legalprofession.de\/wp-content\/uploads\/2014\/04\/Fotolia_52977640_M-e1398703482917.jpg","datePublished":"2020-04-12T15:52:33+00:00","dateModified":"2020-08-09T18:34:54+00:00","description":"Der Wirtschaftsjurist mit Bachelor- und Masterabschluss, ausgebildet an Fachhochschulen, Hochschulen und Universit\u00e4ten ist Jurist aber kein Rechtsanwalt.","breadcrumb":{"@id":"https:\/\/www.legalprofession.de\/index.php\/juristische-berufe-legal-profession\/wirtschaftsjurist#breadcrumb"},"inLanguage":"de","potentialAction":[{"@type":"ReadAction","target":["https:\/\/www.legalprofession.de\/index.php\/juristische-berufe-legal-profession\/wirtschaftsjurist"]}]},{"@type":"ImageObject","inLanguage":"de","@id":"https:\/\/www.legalprofession.de\/index.php\/juristische-berufe-legal-profession\/wirtschaftsjurist#primaryimage","url":"https:\/\/i0.wp.com\/www.legalprofession.de\/wp-content\/uploads\/2014\/04\/Fotolia_52977640_M-e1398703482917.jpg?fit=400%2C233&ssl=1","contentUrl":"https:\/\/i0.wp.com\/www.legalprofession.de\/wp-content\/uploads\/2014\/04\/Fotolia_52977640_M-e1398703482917.jpg?fit=400%2C233&ssl=1","width":400,"height":233},{"@type":"BreadcrumbList","@id":"https:\/\/www.legalprofession.de\/index.php\/juristische-berufe-legal-profession\/wirtschaftsjurist#breadcrumb","itemListElement":[{"@type":"ListItem","position":1,"name":"Startseite","item":"https:\/\/www.legalprofession.de\/"},{"@type":"ListItem","position":2,"name":"Juristische Berufe &#8211; Legal Profession","item":"https:\/\/www.legalprofession.de\/index.php\/juristische-berufe-legal-profession"},{"@type":"ListItem","position":3,"name":"Wirtschaftsjurist"}]},{"@type":"WebSite","@id":"https:\/\/www.legalprofession.de\/#website","url":"https:\/\/www.legalprofession.de\/","name":"LegalProfession\u00ae","description":"Recruiting Coaching Consulting AZAV","publisher":{"@id":"https:\/\/www.legalprofession.de\/#organization"},"potentialAction":[{"@type":"SearchAction","target":{"@type":"EntryPoint","urlTemplate":"https:\/\/www.legalprofession.de\/?s={search_term_string}"},"query-input":{"@type":"PropertyValueSpecification","valueRequired":true,"valueName":"search_term_string"}}],"inLanguage":"de"},{"@type":"Organization","@id":"https:\/\/www.legalprofession.de\/#organization","name":"LegalProfession\u00ae Recruitment Coaching Consulting","url":"https:\/\/www.legalprofession.de\/","logo":{"@type":"ImageObject","inLanguage":"de","@id":"https:\/\/www.legalprofession.de\/#\/schema\/logo\/image\/","url":"https:\/\/i0.wp.com\/www.legalprofession.de\/wp-content\/uploads\/Logo-LP-1.jpg?fit=354%2C141&ssl=1","contentUrl":"https:\/\/i0.wp.com\/www.legalprofession.de\/wp-content\/uploads\/Logo-LP-1.jpg?fit=354%2C141&ssl=1","width":354,"height":141,"caption":"LegalProfession\u00ae Recruitment Coaching Consulting"},"image":{"@id":"https:\/\/www.legalprofession.de\/#\/schema\/logo\/image\/"},"sameAs":["https:\/\/www.linkedin.com\/in\/marion-proft-legalprofession\/","https:\/\/www.xing.com\/profile\/Marion_Proft\/portfolio"]}]}},"jetpack_shortlink":"https:\/\/wp.me\/P8oDIe-sW","jetpack_sharing_enabled":true,"_links":{"self":[{"href":"https:\/\/www.legalprofession.de\/index.php\/wp-json\/wp\/v2\/pages\/1794","targetHints":{"allow":["GET"]}}],"collection":[{"href":"https:\/\/www.legalprofession.de\/index.php\/wp-json\/wp\/v2\/pages"}],"about":[{"href":"https:\/\/www.legalprofession.de\/index.php\/wp-json\/wp\/v2\/types\/page"}],"author":[{"embeddable":true,"href":"https:\/\/www.legalprofession.de\/index.php\/wp-json\/wp\/v2\/users\/2"}],"replies":[{"embeddable":true,"href":"https:\/\/www.legalprofession.de\/index.php\/wp-json\/wp\/v2\/comments?post=1794"}],"version-history":[{"count":0,"href":"https:\/\/www.legalprofession.de\/index.php\/wp-json\/wp\/v2\/pages\/1794\/revisions"}],"up":[{"embeddable":true,"href":"https:\/\/www.legalprofession.de\/index.php\/wp-json\/wp\/v2\/pages\/1643"}],"wp:attachment":[{"href":"https:\/\/www.legalprofession.de\/index.php\/wp-json\/wp\/v2\/media?parent=1794"}],"curies":[{"name":"wp","href":"https:\/\/api.w.org\/{rel}","templated":true}]}}